{"id":385,"date":"2016-12-23T14:22:30","date_gmt":"2016-12-23T13:22:30","guid":{"rendered":"http:\/\/only4you.be\/club-libertin?page_id=385\/"},"modified":"2020-11-11T10:29:40","modified_gmt":"2020-11-11T09:29:40","slug":"newsletter-only-4-you","status":"publish","type":"page","link":"https:\/\/only4you.be\/club-libertin\/newsletter-only-4-you\/","title":{"rendered":"Newsletter Only 4 You"},"content":{"rendered":"<section class=\"l-section wpb_row height_full valign_center with_img with_overlay\"><div class=\"l-section-img\" style=\"background-image: url(https:\/\/only4you.be\/club-libertin\/wp-content\/uploads\/2016\/11\/only4you-bg.jpg);background-repeat: no-repeat;\" data-img-width=\"1456\" data-img-height=\"1456\"><\/div><div class=\"l-section-overlay\" style=\"background: rgba(0,0,0,0.84)\"><\/div><div class=\"l-section-h i-cf\"><div class=\"g-cols vc_row type_default valign_top\"><div class=\"vc_col-sm-12 wpb_column vc_column_container\"><div class=\"vc_column-inner\"><div class=\"wpb_wrapper\"><div class=\"w-separator size_large\"><\/div><div class=\"wpb_text_column\" ><div class=\"wpb_wrapper\"><h2 style=\"text-align: center;\"><strong><span class=\"titre\">INSCRIVEZ-VOUS A LA NEWSLETTER<\/span><\/strong><\/h2>\n<h3 style=\"text-align: center;\"><strong>CHEQUE CADEAU \u20ac 15* A LA CLEF !<\/strong><\/h3>\n<\/div><\/div><div class=\"w-separator us_custom_6df4bc3a size_medium has_text_color with_line width_30 thick_1 style_solid color_border align_center with_content\"><div class=\"w-separator-h\"><i class=\"far fa-envelope\"><\/i><\/div><\/div><div class=\"wpb_text_column\" ><div class=\"wpb_wrapper\"><h2 style=\"text-align: center;\">\u00cates-vous d\u00e9j\u00e0 inscrits \u00e0 notre newsletter?<\/h2>\n<p style=\"text-align: center;\">Savez-vous que nous vous envoyons toutes les semaines des informations concernant le Mi-No\u00ef &amp; l&rsquo;Only4You?<\/p>\n<p style=\"text-align: center;\">\u2022 Les th\u00e8mes de nos week-ends \u00e0 venir!<br \/>\n\u2022 Des informations concernants me milieu libertin, la vie de nos clubs, &#8230;<br \/>\n\u2022 Des promotions \u00e0 venir ou en cours.<br \/>\n\u2022 Des journ\u00e9es sp\u00e9ciales ou en avant-premi\u00e8res.<\/p>\n<p style=\"text-align: center;\">Et comme nous aimons vous chouchouter, de temps en temps, sans motif particulier, juste pour vous faire plaisir, in ch\u00e8que de r\u00e9duction.<\/p>\n<p style=\"text-align: center;\"><strong>Discr\u00e9tion totale\u00a0!<\/strong><\/p>\n<\/div><\/div><div class=\"w-separator size_medium\"><\/div><div class=\"wpb_text_column\" ><div class=\"wpb_wrapper\"><p style=\"text-align: center;\"><strong>For your eyes only!<\/strong><br \/>\nRecevoir de chaudes nouvelles en toute discr\u00e9tion\u00a0? <br class=\"autobr\" \/>Cr\u00e9ez vite un mail box \u00e0 part via\u00a0<a class=\"spip_url spip_out auto\" href=\"http:\/\/www.gmail.com\/\" rel=\"nofollow external\">www.gmail.com<\/a><\/p>\n<\/div><\/div><\/div><\/div><\/div><\/div><\/div><\/section>\n","protected":false},"excerpt":{"rendered":"INSCRIVEZ-VOUS A LA NEWSLETTER CHEQUE CADEAU \u20ac 15* A LA CLEF ! \u00cates-vous d\u00e9j\u00e0 inscrits \u00e0 notre newsletter? Savez-vous que nous vous envoyons toutes les semaines des informations concernant le Mi-No\u00ef &amp; l&rsquo;Only4You? \u2022 Les th\u00e8mes de nos week-ends \u00e0 venir! \u2022 Des informations concernants me milieu libertin, la vie de nos clubs, &#8230; \u2022...","protected":false},"author":5,"featured_media":0,"parent":0,"menu_order":0,"comment_status":"closed","ping_status":"open","template":"","meta":[],"yoast_head":"<!-- This site is optimized with the Yoast SEO plugin v20.6 - https:\/\/yoast.com\/wordpress\/plugins\/seo\/ -->\n<title>Newsletter Only 4 You - Only 4 You<\/title>\n<meta name=\"description\" content=\"Newsletter Only 4 You, Inscrivez-vous gratuitement et recevez\u2026 de chaudes nouvelles dans votre mail box et des offres extra sp\u00e9ciales\" \/>\n<meta name=\"robots\" content=\"index, follow, max-snippet:-1, max-image-preview:large, max-video-preview:-1\" \/>\n<link rel=\"canonical\" href=\"https:\/\/only4you.be\/club-libertin\/newsletter-only-4-you\/\" \/>\n<meta property=\"og:locale\" content=\"fr_FR\" \/>\n<meta property=\"og:type\" content=\"article\" \/>\n<meta property=\"og:title\" content=\"Newsletter Only 4 You - Only 4 You\" \/>\n<meta property=\"og:description\" content=\"Newsletter Only 4 You, Inscrivez-vous gratuitement et recevez\u2026 de chaudes nouvelles dans votre mail box et des offres extra sp\u00e9ciales\" \/>\n<meta property=\"og:url\" content=\"https:\/\/only4you.be\/club-libertin\/newsletter-only-4-you\/\" \/>\n<meta property=\"og:site_name\" content=\"Only 4 You\" \/>\n<meta property=\"article:modified_time\" content=\"2020-11-11T09:29:40+00:00\" \/>\n<meta name=\"twitter:card\" content=\"summary_large_image\" \/>\n<meta name=\"twitter:label1\" content=\"Dur\u00e9e de lecture estim\u00e9e\" \/>\n\t<meta name=\"twitter:data1\" content=\"1 minute\" \/>\n<script type=\"application\/ld+json\" class=\"yoast-schema-graph\">{\"@context\":\"https:\/\/schema.org\",\"@graph\":[{\"@type\":\"WebPage\",\"@id\":\"https:\/\/only4you.be\/club-libertin\/newsletter-only-4-you\/\",\"url\":\"https:\/\/only4you.be\/club-libertin\/newsletter-only-4-you\/\",\"name\":\"Newsletter Only 4 You - Only 4 You\",\"isPartOf\":{\"@id\":\"https:\/\/only4you.be\/club-libertin\/nl\/#website\"},\"datePublished\":\"2016-12-23T13:22:30+00:00\",\"dateModified\":\"2020-11-11T09:29:40+00:00\",\"description\":\"Newsletter Only 4 You, Inscrivez-vous gratuitement et recevez\u2026 de chaudes nouvelles dans votre mail box et des offres extra sp\u00e9ciales\",\"breadcrumb\":{\"@id\":\"https:\/\/only4you.be\/club-libertin\/newsletter-only-4-you\/#breadcrumb\"},\"inLanguage\":\"fr-FR\",\"potentialAction\":[{\"@type\":\"ReadAction\",\"target\":[\"https:\/\/only4you.be\/club-libertin\/newsletter-only-4-you\/\"]}]},{\"@type\":\"BreadcrumbList\",\"@id\":\"https:\/\/only4you.be\/club-libertin\/newsletter-only-4-you\/#breadcrumb\",\"itemListElement\":[{\"@type\":\"ListItem\",\"position\":1,\"name\":\"Accueil\",\"item\":\"https:\/\/only4you.be\/club-libertin\/\"},{\"@type\":\"ListItem\",\"position\":2,\"name\":\"Newsletter Only 4 You\"}]},{\"@type\":\"WebSite\",\"@id\":\"https:\/\/only4you.be\/club-libertin\/nl\/#website\",\"url\":\"https:\/\/only4you.be\/club-libertin\/nl\/\",\"name\":\"Only 4 You\",\"description\":\"Club Libertin\",\"potentialAction\":[{\"@type\":\"SearchAction\",\"target\":{\"@type\":\"EntryPoint\",\"urlTemplate\":\"https:\/\/only4you.be\/club-libertin\/nl\/?s={search_term_string}\"},\"query-input\":\"required name=search_term_string\"}],\"inLanguage\":\"fr-FR\"}]}<\/script>\n<!-- \/ Yoast SEO plugin. -->","yoast_head_json":{"title":"Newsletter Only 4 You - Only 4 You","description":"Newsletter Only 4 You, Inscrivez-vous gratuitement et recevez\u2026 de chaudes nouvelles dans votre mail box et des offres extra sp\u00e9ciales","robots":{"index":"index","follow":"follow","max-snippet":"max-snippet:-1","max-image-preview":"max-image-preview:large","max-video-preview":"max-video-preview:-1"},"canonical":"https:\/\/only4you.be\/club-libertin\/newsletter-only-4-you\/","og_locale":"fr_FR","og_type":"article","og_title":"Newsletter Only 4 You - Only 4 You","og_description":"Newsletter Only 4 You, Inscrivez-vous gratuitement et recevez\u2026 de chaudes nouvelles dans votre mail box et des offres extra sp\u00e9ciales","og_url":"https:\/\/only4you.be\/club-libertin\/newsletter-only-4-you\/","og_site_name":"Only 4 You","article_modified_time":"2020-11-11T09:29:40+00:00","twitter_card":"summary_large_image","twitter_misc":{"Dur\u00e9e de lecture estim\u00e9e":"1 minute"},"schema":{"@context":"https:\/\/schema.org","@graph":[{"@type":"WebPage","@id":"https:\/\/only4you.be\/club-libertin\/newsletter-only-4-you\/","url":"https:\/\/only4you.be\/club-libertin\/newsletter-only-4-you\/","name":"Newsletter Only 4 You - Only 4 You","isPartOf":{"@id":"https:\/\/only4you.be\/club-libertin\/nl\/#website"},"datePublished":"2016-12-23T13:22:30+00:00","dateModified":"2020-11-11T09:29:40+00:00","description":"Newsletter Only 4 You, Inscrivez-vous gratuitement et recevez\u2026 de chaudes nouvelles dans votre mail box et des offres extra sp\u00e9ciales","breadcrumb":{"@id":"https:\/\/only4you.be\/club-libertin\/newsletter-only-4-you\/#breadcrumb"},"inLanguage":"fr-FR","potentialAction":[{"@type":"ReadAction","target":["https:\/\/only4you.be\/club-libertin\/newsletter-only-4-you\/"]}]},{"@type":"BreadcrumbList","@id":"https:\/\/only4you.be\/club-libertin\/newsletter-only-4-you\/#breadcrumb","itemListElement":[{"@type":"ListItem","position":1,"name":"Accueil","item":"https:\/\/only4you.be\/club-libertin\/"},{"@type":"ListItem","position":2,"name":"Newsletter Only 4 You"}]},{"@type":"WebSite","@id":"https:\/\/only4you.be\/club-libertin\/nl\/#website","url":"https:\/\/only4you.be\/club-libertin\/nl\/","name":"Only 4 You","description":"Club Libertin","potentialAction":[{"@type":"SearchAction","target":{"@type":"EntryPoint","urlTemplate":"https:\/\/only4you.be\/club-libertin\/nl\/?s={search_term_string}"},"query-input":"required name=search_term_string"}],"inLanguage":"fr-FR"}]}},"_links":{"self":[{"href":"https:\/\/only4you.be\/club-libertin\/wp-json\/wp\/v2\/pages\/385"}],"collection":[{"href":"https:\/\/only4you.be\/club-libertin\/wp-json\/wp\/v2\/pages"}],"about":[{"href":"https:\/\/only4you.be\/club-libertin\/wp-json\/wp\/v2\/types\/page"}],"author":[{"embeddable":true,"href":"https:\/\/only4you.be\/club-libertin\/wp-json\/wp\/v2\/users\/5"}],"replies":[{"embeddable":true,"href":"https:\/\/only4you.be\/club-libertin\/wp-json\/wp\/v2\/comments?post=385"}],"version-history":[{"count":21,"href":"https:\/\/only4you.be\/club-libertin\/wp-json\/wp\/v2\/pages\/385\/revisions"}],"predecessor-version":[{"id":10472,"href":"https:\/\/only4you.be\/club-libertin\/wp-json\/wp\/v2\/pages\/385\/revisions\/10472"}],"wp:attachment":[{"href":"https:\/\/only4you.be\/club-libertin\/wp-json\/wp\/v2\/media?parent=385"}],"curies":[{"name":"wp","href":"https:\/\/api.w.org\/{rel}","templated":true}]}}