{"id":135,"date":"2016-12-01T16:39:39","date_gmt":"2016-12-01T15:39:39","guid":{"rendered":"http:\/\/only4you.be\/club-libertin?page_id=135\/"},"modified":"2020-11-11T10:29:38","modified_gmt":"2020-11-11T09:29:38","slug":"question-faq-only-4-you","status":"publish","type":"page","link":"https:\/\/only4you.be\/club-libertin\/question-faq-only-4-you\/","title":{"rendered":"Question &#8211; FAQ Only 4 You"},"content":{"rendered":"<section class=\"l-section wpb_row us_custom_9823acaf height_medium has_text_color\"><div class=\"l-section-h i-cf\"><div class=\"g-cols vc_row type_default valign_top\"><div class=\"vc_col-sm-12 wpb_column vc_column_container\"><div class=\"vc_column-inner\"><div class=\"wpb_wrapper\"><div class=\"wpb_text_column\" ><div class=\"wpb_wrapper\"><h2 style=\"text-align: center;\"><strong>UNE QUESTION SUR L&rsquo;ONLY 4 YOU\u00a0?<\/strong><\/h2>\n<\/div><\/div><div class=\"w-tabs style_default switch_click accordion has_scrolling title_atleft icon_chevron iconpos_right\"><div class=\"w-tabs-sections\"><div class=\"w-tabs-sections-h\"><div class=\"w-tabs-section with_icon\" id=\"69da6d8bd8962\"><button class=\"w-tabs-section-header\" aria-controls=\"content-69da6d8bd8962\"><div class=\"w-tabs-section-header-h\"><i class=\"fas fa-question-circle\"><\/i><div class=\"w-tabs-section-title\">DOIT-ON SE METTRE EN LINGERIE D\u00c8S L\u2019ENTR\u00c9E ?<\/div><div class=\"w-tabs-section-control\"><\/div><\/div><\/button><div class=\"w-tabs-section-content\" id=\"content-69da6d8bd8962\" aria-expanded=\"false\"><div class=\"w-tabs-section-content-h i-cf\"><div class=\"wpb_text_column\" ><div class=\"wpb_wrapper\"><p style=\"text-align: justify;\"><strong>Pas n\u00e9cessairement.<\/strong> Notre formule du samedi (soir\u00e9e r\u00e9serv\u00e9e aux couples) permet \u00e0 nos membres de rester habill\u00e9s jusque 23h dans l\u2019espace bar-restaurant. Il leur sera n\u00e9anmoins demand\u00e9 de rev\u00eatir une tenue plus sexy (sous-v\u00eatements) pour se rendre dans les chambres. Les autres jours, chacun passera au vestiaire en d\u00e9but de soir\u00e9e afin de cr\u00e9er une ambiance plus sensuelle et \u00e9rotique.<\/p>\n<\/div><\/div><\/div><\/div><\/div><div class=\"w-tabs-section with_icon\" id=\"69da6d8bd8a31\"><button class=\"w-tabs-section-header\" aria-controls=\"content-69da6d8bd8a31\"><div class=\"w-tabs-section-header-h\"><i class=\"fas fa-question-circle\"><\/i><div class=\"w-tabs-section-title\">PEUT-ON SE CONTENTER DE REGARDER ?<\/div><div class=\"w-tabs-section-control\"><\/div><\/div><\/button><div class=\"w-tabs-section-content\" id=\"content-69da6d8bd8a31\" aria-expanded=\"false\"><div class=\"w-tabs-section-content-h i-cf\"><div class=\"wpb_text_column\" ><div class=\"wpb_wrapper\"><p style=\"text-align: justify;\"><strong>Bien s\u00fbr\u00a0!<\/strong><br \/>\nDe nombreuses personnes sont exhibitionnistes, vous leur ferez donc plaisir en venant les regarder batifoler. Et si un jour, vous voulez participer plus activement \u00e0 la soir\u00e9e, sachez que vous d\u00e9ciderez seul de ce qui vous arrivera ou non. Dans notre club, tout est permis mais rien n\u2019est obligatoire.<\/p>\n<\/div><\/div><\/div><\/div><\/div><div class=\"w-tabs-section with_icon\" id=\"69da6d8bd8af5\"><button class=\"w-tabs-section-header\" aria-controls=\"content-69da6d8bd8af5\"><div class=\"w-tabs-section-header-h\"><i class=\"fas fa-question-circle\"><\/i><div class=\"w-tabs-section-title\">COMMENT R\u00c9AGIR LORSQUE L\u2019ON RENCONTRE UNE CONNAISSANCE ?<\/div><div class=\"w-tabs-section-control\"><\/div><\/div><\/button><div class=\"w-tabs-section-content\" id=\"content-69da6d8bd8af5\" aria-expanded=\"false\"><div class=\"w-tabs-section-content-h i-cf\"><div class=\"wpb_text_column\" ><div class=\"wpb_wrapper\"><p style=\"text-align: justify;\"><strong><em>Et si votre connaissance se pose la m\u00eame question\u00a0?<\/em><\/strong><br \/>\nVous vous trouverez au m\u00eame endroit, en m\u00eame temps pour des raisons semblables. Vous passez une bonne soir\u00e9e sans hypocrisie dans un endroit \u00ab\u00a0s\u00e9lect\u00a0\u00bb entre personnes de bonne compagnie.<br \/>\n<strong>O\u00f9 est le probl\u00e8me\u00a0?<\/strong><\/p>\n<\/div><\/div><\/div><\/div><\/div><div class=\"w-tabs-section with_icon\" id=\"69da6d8bd8da5\"><button class=\"w-tabs-section-header\" aria-controls=\"content-69da6d8bd8da5\"><div class=\"w-tabs-section-header-h\"><i class=\"fas fa-question-circle\"><\/i><div class=\"w-tabs-section-title\">ACCEPTEZ-VOUS DES C\u00c9LIBATAIRES LORS DE VOS SOIR\u00c9ES ?<\/div><div class=\"w-tabs-section-control\"><\/div><\/div><\/button><div class=\"w-tabs-section-content\" id=\"content-69da6d8bd8da5\" aria-expanded=\"false\"><div class=\"w-tabs-section-content-h i-cf\"><div class=\"g-cols wpb_row  type_default valign_top vc_inner\"><div class=\"vc_col-sm-12 wpb_column vc_column_container\"><div class=\"vc_column-inner\"><div class=\"wpb_wrapper\"><div class=\"wpb_text_column\" ><div class=\"wpb_wrapper\"><p style=\"text-align: justify;\"><strong>Absolument<\/strong>. Les samedis sont r\u00e9serv\u00e9s aux couples &amp; ladies exclusivement mais les autres jours les gentlemen sont les bienvenus.<\/p>\n<\/div><\/div><\/div><\/div><\/div><\/div><\/div><\/div><\/div><div class=\"w-tabs-section with_icon\" id=\"69da6d8bd8f28\"><button class=\"w-tabs-section-header\" aria-controls=\"content-69da6d8bd8f28\"><div class=\"w-tabs-section-header-h\"><i class=\"fas fa-question-circle\"><\/i><div class=\"w-tabs-section-title\">Y A-T-IL DES INTERDICTIONS AU CLUB ?<\/div><div class=\"w-tabs-section-control\"><\/div><\/div><\/button><div class=\"w-tabs-section-content\" id=\"content-69da6d8bd8f28\" aria-expanded=\"false\"><div class=\"w-tabs-section-content-h i-cf\"><div class=\"g-cols wpb_row  type_default valign_top vc_inner\"><div class=\"vc_col-sm-12 wpb_column vc_column_container\"><div class=\"vc_column-inner\"><div class=\"wpb_wrapper\"><div class=\"wpb_text_column\" ><div class=\"wpb_wrapper\"><p style=\"text-align: justify;\"><strong>Oui<\/strong>. Toute forme de non-respect et d\u2019incorrection ne sera pas tol\u00e9r\u00e9e ainsi que l\u2019abus d\u2019alcool. L\u2019usage ou la possession de stup\u00e9fiants ainsi que la pr\u00e9sence de mineur(e)s sera \u00e9galement interdit.<\/p>\n<\/div><\/div><\/div><\/div><\/div><\/div><\/div><\/div><\/div><\/div><\/div><\/div><div class=\"w-separator size_large\"><\/div><\/div><\/div><\/div><\/div><\/div><\/section><section class=\"l-section wpb_row height_large with_img parallax_ver with_overlay\"><div class=\"l-section-img\" style=\"background-image: url(https:\/\/only4you.be\/club-libertin\/wp-content\/plugins\/us-core\/assets\/images\/placeholder.svg);background-position: top center;background-repeat: no-repeat;background-size: contain;\"><\/div><div class=\"l-section-overlay\" style=\"background: rgba(0,0,0,0.65)\"><\/div><div class=\"l-section-h i-cf\"><div class=\"g-cols vc_row type_default valign_top\"><div class=\"vc_col-sm-12 wpb_column vc_column_container\"><div class=\"vc_column-inner\"><div class=\"wpb_wrapper\"><div class=\"wpb_text_column\" ><div class=\"wpb_wrapper\"><h2 style=\"text-align: center;\">Vous avez une autre question\u00a0:<\/h2>\n<p id=\"tw-target-text\" class=\"tw-data-text vk_txt tw-ta tw-text-medium\" dir=\"ltr\" style=\"text-align: center;\" data-placeholder=\"Traduction\"><span lang=\"fr\">Voici plusieurs fa\u00e7ons de nous contacter<\/span><\/p>\n<\/div><\/div><div class=\"w-separator size_small\"><\/div><div class=\"g-cols wpb_row  type_default valign_top vc_inner\"><div class=\"vc_col-sm-6 wpb_column vc_column_container\"><div class=\"vc_column-inner\"><div class=\"wpb_wrapper\"><div class=\"w-iconbox iconpos_top style_default color_primary align_center\"><a href=\"mailto:contact@mi-noi.be\" class=\"w-iconbox-link\" aria-label=\"Envoyez-nous un mail !\"><div class=\"w-iconbox-icon\" style=\"font-size:48px;\"><i class=\"fas fa-envelope\"><\/i><\/div><\/a><div class=\"w-iconbox-meta\"><a href=\"mailto:contact@mi-noi.be\" class=\"w-iconbox-link\" aria-label=\"Envoyez-nous un mail !\"><h4 class=\"w-iconbox-title\">Envoyez-nous un mail !<\/h4><\/a><div class=\"w-iconbox-text\"><p>Mail :<br \/>\ncontact@only4you.be<\/p>\n<\/div><\/div><\/div><\/div><\/div><\/div><div class=\"vc_col-sm-6 wpb_column vc_column_container\"><div class=\"vc_column-inner\"><div class=\"wpb_wrapper\"><div class=\"w-iconbox iconpos_top style_default color_primary align_center\"><div class=\"w-iconbox-icon\" style=\"font-size:48px;\"><i class=\"fas fa-phone\"><\/i><\/div><div class=\"w-iconbox-meta\"><h4 class=\"w-iconbox-title\">T\u00e9l\u00e9phonez-nous !<\/h4><div class=\"w-iconbox-text\"><p>T\u00e9l : +32(0) 71 50 66 25<br \/>\nGSM : +32(0) 477 50 66 25 <\/p>\n<\/div><\/div><\/div><\/div><\/div><\/div><\/div><\/div><\/div><\/div><\/div><\/div><\/section>\n","protected":false},"excerpt":{"rendered":"UNE QUESTION SUR L&rsquo;ONLY 4 YOU\u00a0? DOIT-ON SE METTRE EN LINGERIE D\u00c8S L\u2019ENTR\u00c9E ?Pas n\u00e9cessairement. Notre formule du samedi (soir\u00e9e r\u00e9serv\u00e9e aux couples) permet \u00e0 nos membres de rester habill\u00e9s jusque 23h dans l\u2019espace bar-restaurant. Il leur sera n\u00e9anmoins demand\u00e9 de rev\u00eatir une tenue plus sexy (sous-v\u00eatements) pour se rendre dans les chambres. Les autres...","protected":false},"author":5,"featured_media":0,"parent":0,"menu_order":0,"comment_status":"closed","ping_status":"open","template":"","meta":[],"yoast_head":"<!-- This site is optimized with the Yoast SEO plugin v20.6 - https:\/\/yoast.com\/wordpress\/plugins\/seo\/ -->\n<title>Question - FAQ Only 4 You - Only 4 You<\/title>\n<meta name=\"description\" content=\"Vous avez une question ? Trouvez ici les questions les plus fr\u00e9quemment pos\u00e9es \u00e0 propos de l&#039;ONLY 4 YOU ou posez nous votre question.\" \/>\n<meta name=\"robots\" content=\"index, follow, max-snippet:-1, max-image-preview:large, max-video-preview:-1\" \/>\n<link rel=\"canonical\" href=\"https:\/\/only4you.be\/club-libertin\/question-faq-only-4-you\/\" \/>\n<meta property=\"og:locale\" content=\"fr_FR\" \/>\n<meta property=\"og:type\" content=\"article\" \/>\n<meta property=\"og:title\" content=\"Question - FAQ Only 4 You - Only 4 You\" \/>\n<meta property=\"og:description\" content=\"Vous avez une question ? Trouvez ici les questions les plus fr\u00e9quemment pos\u00e9es \u00e0 propos de l&#039;ONLY 4 YOU ou posez nous votre question.\" \/>\n<meta property=\"og:url\" content=\"https:\/\/only4you.be\/club-libertin\/question-faq-only-4-you\/\" \/>\n<meta property=\"og:site_name\" content=\"Only 4 You\" \/>\n<meta property=\"article:modified_time\" content=\"2020-11-11T09:29:38+00:00\" \/>\n<meta name=\"twitter:card\" content=\"summary_large_image\" \/>\n<meta name=\"twitter:label1\" content=\"Dur\u00e9e de lecture estim\u00e9e\" \/>\n\t<meta name=\"twitter:data1\" content=\"3 minutes\" \/>\n<script type=\"application\/ld+json\" class=\"yoast-schema-graph\">{\"@context\":\"https:\/\/schema.org\",\"@graph\":[{\"@type\":\"WebPage\",\"@id\":\"https:\/\/only4you.be\/club-libertin\/question-faq-only-4-you\/\",\"url\":\"https:\/\/only4you.be\/club-libertin\/question-faq-only-4-you\/\",\"name\":\"Question - FAQ Only 4 You - Only 4 You\",\"isPartOf\":{\"@id\":\"https:\/\/only4you.be\/club-libertin\/nl\/#website\"},\"datePublished\":\"2016-12-01T15:39:39+00:00\",\"dateModified\":\"2020-11-11T09:29:38+00:00\",\"description\":\"Vous avez une question ? Trouvez ici les questions les plus fr\u00e9quemment pos\u00e9es \u00e0 propos de l'ONLY 4 YOU ou posez nous votre question.\",\"breadcrumb\":{\"@id\":\"https:\/\/only4you.be\/club-libertin\/question-faq-only-4-you\/#breadcrumb\"},\"inLanguage\":\"fr-FR\",\"potentialAction\":[{\"@type\":\"ReadAction\",\"target\":[\"https:\/\/only4you.be\/club-libertin\/question-faq-only-4-you\/\"]}]},{\"@type\":\"BreadcrumbList\",\"@id\":\"https:\/\/only4you.be\/club-libertin\/question-faq-only-4-you\/#breadcrumb\",\"itemListElement\":[{\"@type\":\"ListItem\",\"position\":1,\"name\":\"Accueil\",\"item\":\"https:\/\/only4you.be\/club-libertin\/\"},{\"@type\":\"ListItem\",\"position\":2,\"name\":\"Question &#8211; FAQ Only 4 You\"}]},{\"@type\":\"WebSite\",\"@id\":\"https:\/\/only4you.be\/club-libertin\/nl\/#website\",\"url\":\"https:\/\/only4you.be\/club-libertin\/nl\/\",\"name\":\"Only 4 You\",\"description\":\"Club Libertin\",\"potentialAction\":[{\"@type\":\"SearchAction\",\"target\":{\"@type\":\"EntryPoint\",\"urlTemplate\":\"https:\/\/only4you.be\/club-libertin\/nl\/?s={search_term_string}\"},\"query-input\":\"required name=search_term_string\"}],\"inLanguage\":\"fr-FR\"}]}<\/script>\n<!-- \/ Yoast SEO plugin. -->","yoast_head_json":{"title":"Question - FAQ Only 4 You - Only 4 You","description":"Vous avez une question ? Trouvez ici les questions les plus fr\u00e9quemment pos\u00e9es \u00e0 propos de l'ONLY 4 YOU ou posez nous votre question.","robots":{"index":"index","follow":"follow","max-snippet":"max-snippet:-1","max-image-preview":"max-image-preview:large","max-video-preview":"max-video-preview:-1"},"canonical":"https:\/\/only4you.be\/club-libertin\/question-faq-only-4-you\/","og_locale":"fr_FR","og_type":"article","og_title":"Question - FAQ Only 4 You - Only 4 You","og_description":"Vous avez une question ? Trouvez ici les questions les plus fr\u00e9quemment pos\u00e9es \u00e0 propos de l'ONLY 4 YOU ou posez nous votre question.","og_url":"https:\/\/only4you.be\/club-libertin\/question-faq-only-4-you\/","og_site_name":"Only 4 You","article_modified_time":"2020-11-11T09:29:38+00:00","twitter_card":"summary_large_image","twitter_misc":{"Dur\u00e9e de lecture estim\u00e9e":"3 minutes"},"schema":{"@context":"https:\/\/schema.org","@graph":[{"@type":"WebPage","@id":"https:\/\/only4you.be\/club-libertin\/question-faq-only-4-you\/","url":"https:\/\/only4you.be\/club-libertin\/question-faq-only-4-you\/","name":"Question - FAQ Only 4 You - Only 4 You","isPartOf":{"@id":"https:\/\/only4you.be\/club-libertin\/nl\/#website"},"datePublished":"2016-12-01T15:39:39+00:00","dateModified":"2020-11-11T09:29:38+00:00","description":"Vous avez une question ? Trouvez ici les questions les plus fr\u00e9quemment pos\u00e9es \u00e0 propos de l'ONLY 4 YOU ou posez nous votre question.","breadcrumb":{"@id":"https:\/\/only4you.be\/club-libertin\/question-faq-only-4-you\/#breadcrumb"},"inLanguage":"fr-FR","potentialAction":[{"@type":"ReadAction","target":["https:\/\/only4you.be\/club-libertin\/question-faq-only-4-you\/"]}]},{"@type":"BreadcrumbList","@id":"https:\/\/only4you.be\/club-libertin\/question-faq-only-4-you\/#breadcrumb","itemListElement":[{"@type":"ListItem","position":1,"name":"Accueil","item":"https:\/\/only4you.be\/club-libertin\/"},{"@type":"ListItem","position":2,"name":"Question &#8211; FAQ Only 4 You"}]},{"@type":"WebSite","@id":"https:\/\/only4you.be\/club-libertin\/nl\/#website","url":"https:\/\/only4you.be\/club-libertin\/nl\/","name":"Only 4 You","description":"Club Libertin","potentialAction":[{"@type":"SearchAction","target":{"@type":"EntryPoint","urlTemplate":"https:\/\/only4you.be\/club-libertin\/nl\/?s={search_term_string}"},"query-input":"required name=search_term_string"}],"inLanguage":"fr-FR"}]}},"_links":{"self":[{"href":"https:\/\/only4you.be\/club-libertin\/wp-json\/wp\/v2\/pages\/135"}],"collection":[{"href":"https:\/\/only4you.be\/club-libertin\/wp-json\/wp\/v2\/pages"}],"about":[{"href":"https:\/\/only4you.be\/club-libertin\/wp-json\/wp\/v2\/types\/page"}],"author":[{"embeddable":true,"href":"https:\/\/only4you.be\/club-libertin\/wp-json\/wp\/v2\/users\/5"}],"replies":[{"embeddable":true,"href":"https:\/\/only4you.be\/club-libertin\/wp-json\/wp\/v2\/comments?post=135"}],"version-history":[{"count":7,"href":"https:\/\/only4you.be\/club-libertin\/wp-json\/wp\/v2\/pages\/135\/revisions"}],"predecessor-version":[{"id":10459,"href":"https:\/\/only4you.be\/club-libertin\/wp-json\/wp\/v2\/pages\/135\/revisions\/10459"}],"wp:attachment":[{"href":"https:\/\/only4you.be\/club-libertin\/wp-json\/wp\/v2\/media?parent=135"}],"curies":[{"name":"wp","href":"https:\/\/api.w.org\/{rel}","templated":true}]}}