{"id":125,"date":"2016-12-01T16:07:16","date_gmt":"2016-12-01T15:07:16","guid":{"rendered":"http:\/\/only4you.be\/club-libertin?page_id=125\/"},"modified":"2026-04-29T18:24:31","modified_gmt":"2026-04-29T16:24:31","slug":"menu-only-4-you","status":"publish","type":"page","link":"https:\/\/only4you.be\/club-libertin\/menu-only-4-you\/","title":{"rendered":"Menu du week-end"},"content":{"rendered":"<section class=\"l-section wpb_row us_custom_623ba360 height_medium full_height valign_top with_img parallax_ver\" id=\"avantages\"><div class=\"l-section-img\" role=\"img\" aria-label=\"Menu only 4 you\" data-img-width=\"1920\" data-img-height=\"1080\" style=\"background-image: url(https:\/\/only4you.be\/club-libertin\/wp-content\/uploads\/2016\/12\/lips-only4you.jpg);background-repeat: no-repeat;\"><\/div><div class=\"l-section-overlay\" style=\"background:rgba(0,0,0,0.65)\"><\/div><div class=\"l-section-h i-cf\"><div class=\"g-cols vc_row via_flex valign_top type_default stacking_default\"><div class=\"vc_col-sm-12 wpb_column vc_column_container align_center\"><div class=\"vc_column-inner\"><div class=\"wpb_wrapper\"><div class=\"wpb_text_column\"><div class=\"wpb_wrapper\"><h2 style=\"text-align: center;\"><strong>MENU DU WEEK-END A L&rsquo;ONLY 4 YOU<\/strong><\/h2>\n<\/div><\/div><div class=\"wpb_text_column\"><div class=\"wpb_wrapper\"><h3 style=\"text-align: center;\"><span class=\"pink\"><strong><span style=\"color: #fe4641;\">Le menu comprend un buffet froid &#8211; viande &amp; poisson &#8211;\u00a0 &amp; un buffet chaud tr\u00e8s vari\u00e9, une grillade et un grand choix de desserts!<\/span><br \/>\n<\/strong><\/span><\/h3>\n<\/div><\/div><div class=\"w-separator size_small with_line width_30 thick_1 style_double color_primary align_center with_content\"><div class=\"w-separator-h\"><i class=\"fas fa-thumbs-up\"><\/i><\/div><\/div><div class=\"w-tabs us_custom_e499a432 style_default switch_click accordion has_scrolling\" style=\"--sections-title-size:inherit\"><div class=\"w-tabs-sections titles-align_none icon_chevron cpos_right\"><div class=\"w-tabs-section\" id=\"1723637370770-02c1f142-4717\"><button class=\"w-tabs-section-header\" aria-controls=\"content-1723637370770-02c1f142-4717\" aria-expanded=\"false\"><div class=\"w-tabs-section-title\">VENDREDI 01\/05\/2026<\/div><div class=\"w-tabs-section-control\"><\/div><\/button><div  class=\"w-tabs-section-content\" id=\"content-1723637370770-02c1f142-4717\"><div class=\"w-tabs-section-content-h i-cf\"><div class=\"g-cols wpb_row via_flex valign_top type_default stacking_default\"><div class=\"vc_col-sm-4 wpb_column vc_column_container\"><div class=\"vc_column-inner\"><div class=\"wpb_wrapper\"><div class=\"wpb_text_column\"><div class=\"wpb_wrapper\"><p style=\"text-align: center;\"><strong>BUFFET FROID<\/strong><\/p>\n<p style=\"text-align: center;\">Salade Grecque<br \/>\nOeufs cuits durs<br \/>\nSalade de fusilli au poulet fa\u00e7on C\u00e9sar<br \/>\nCarottes rapp\u00e9es<br \/>\nTaboul\u00e9 \u00e0 l&rsquo;Oriental<br \/>\nHaricots verts \u00e0 l&rsquo;ancienne<br \/>\nSalade fraicheur au jambon et concombre<br \/>\nSalade mixte<br \/>\nP\u00eache au thon<br \/>\nTomate \u00e0 la salade de viande<br \/>\nSalami des Ardennes<br \/>\nFilet de poulet au boursin et ognions crunchy<br \/>\nCarpaccio de courgettes \u00e0 la vinaigrette au citron, parmesan sur lit de roquette<\/p>\n<\/div><\/div><\/div><\/div><\/div><div class=\"vc_col-sm-4 wpb_column vc_column_container\"><div class=\"vc_column-inner\"><div class=\"wpb_wrapper\"><div class=\"wpb_text_column\"><div class=\"wpb_wrapper\"><p style=\"text-align: center;\"><strong>BUFFET CHAUD<br \/>\n<\/strong><\/p>\n<p style=\"text-align: center;\">Saucisse fromage<br \/>\nAiles de poulet sauce Buffalo<br \/>\nP\u00e2tes cr\u00e9meuses au poulet et champignons<br \/>\nFilet de pangasius sauce tomate m\u00e9diterran\u00e9enne<\/p>\n<p style=\"text-align: center;\">Choux de Bruxelles<br \/>\nHaricots au beurre<\/p>\n<p style=\"text-align: center;\">Frites<br \/>\nRiz au curry<\/p>\n<p style=\"text-align: center;\"><strong>GRILL<\/strong><\/p>\n<p style=\"text-align: center;\">Boudin blanc<br \/>\nSaucisse chipolata<br \/>\nMerguez<br \/>\nPorc chimichurri<br \/>\nHot dog et son chou<\/p>\n<\/div><\/div><\/div><\/div><\/div><div class=\"vc_col-sm-4 wpb_column vc_column_container\"><div class=\"vc_column-inner\"><div class=\"wpb_wrapper\"><div class=\"wpb_text_column\"><div class=\"wpb_wrapper\"><p style=\"text-align: center;\"><strong>BUFFET DE DESSERTS<\/strong><\/p>\n<p style=\"text-align: center;\">Plateau de fromages<br \/>\nGrand choix de yaourts<br \/>\nP\u00e2tisseries diverses<\/p>\n<p style=\"text-align: center;\">Desserts du chef<\/p>\n<p style=\"text-align: center;\">Assortiment de fruits frais<\/p>\n<\/div><\/div><\/div><\/div><\/div><\/div><\/div><\/div><\/div><div class=\"w-tabs-section\" id=\"1672935311316-a5ff7f4c-4efa\"><button class=\"w-tabs-section-header\" aria-controls=\"content-1672935311316-a5ff7f4c-4efa\" aria-expanded=\"false\"><div class=\"w-tabs-section-title\">SAMEDI 02\/05\/2026<\/div><div class=\"w-tabs-section-control\"><\/div><\/button><div  class=\"w-tabs-section-content\" id=\"content-1672935311316-a5ff7f4c-4efa\"><div class=\"w-tabs-section-content-h i-cf\"><div class=\"g-cols wpb_row via_flex valign_top type_default stacking_default\"><div class=\"vc_col-sm-4 wpb_column vc_column_container\"><div class=\"vc_column-inner\"><div class=\"wpb_wrapper\"><div class=\"wpb_text_column\"><div class=\"wpb_wrapper\"><p style=\"text-align: center;\"><strong>BUFFET FROID<\/strong><\/p>\n<p style=\"text-align: center;\">Salade Grecque<br \/>\nOeufs cuits durs<br \/>\nSalade de fusilli au poulet fa\u00e7on C\u00e9sar<br \/>\nCarottes rapp\u00e9es<br \/>\nTaboul\u00e9 \u00e0 l&rsquo;Oriental<br \/>\nHaricots verts \u00e0 l&rsquo;ancienne<br \/>\nSalade fraicheur au jambon et concombre<br \/>\nSalade mixte<br \/>\nTomate mozzarella<br \/>\nJambon de la foret noir et melon charentais<br \/>\nSalade de poisson maison sur lit de salade<br \/>\nTerrine de viande campagnarde<br \/>\nMezze du chef et ses calamars<\/p>\n<\/div><\/div><\/div><\/div><\/div><div class=\"vc_col-sm-4 wpb_column vc_column_container\"><div class=\"vc_column-inner\"><div class=\"wpb_wrapper\"><div class=\"wpb_text_column\"><div class=\"wpb_wrapper\"><p style=\"text-align: center;\"><strong>BUFFET CHAUD<br \/>\n<\/strong><\/p>\n<p style=\"text-align: center;\">B\u0153uf Stroganoff<br \/>\nR\u00f4ti Orloff<br \/>\nDinde sauce exotique<br \/>\nSole limande sauce coco et citron vert<\/p>\n<p style=\"text-align: center;\">Champignons de Paris au beurre<br \/>\nTron\u00e7ons de courgettes au parmesan<\/p>\n<p style=\"text-align: center;\">Gratin dauphinois<br \/>\nPommes noisettes<\/p>\n<p style=\"text-align: center;\"><strong>GRILL<\/strong><\/p>\n<p style=\"text-align: center;\">Boudin blanc<br \/>\nSaucisse chipolata<br \/>\nMerguez<br \/>\nPorc chimichurri<br \/>\nHot dog et son chou<br \/>\nPoulet au paprika doux<\/p>\n<\/div><\/div><\/div><\/div><\/div><div class=\"vc_col-sm-4 wpb_column vc_column_container\"><div class=\"vc_column-inner\"><div class=\"wpb_wrapper\"><div class=\"wpb_text_column\"><div class=\"wpb_wrapper\"><p style=\"text-align: center;\"><strong>BUFFET DE DESSERTS<\/strong><\/p>\n<p style=\"text-align: center;\">Plateau de fromages<br \/>\nGrand choix de yaourts<br \/>\nP\u00e2tisseries diverses<\/p>\n<p style=\"text-align: center;\">Desserts du chef<\/p>\n<p style=\"text-align: center;\">Assortiment de fruits frais<\/p>\n<\/div><\/div><\/div><\/div><\/div><\/div><\/div><\/div><\/div><div class=\"w-tabs-section\" id=\"1704298802128-02782ece-241c\"><button class=\"w-tabs-section-header\" aria-controls=\"content-1704298802128-02782ece-241c\" aria-expanded=\"false\"><div class=\"w-tabs-section-title\">DIMANCHE 03\/05\/2026<\/div><div class=\"w-tabs-section-control\"><\/div><\/button><div  class=\"w-tabs-section-content\" id=\"content-1704298802128-02782ece-241c\"><div class=\"w-tabs-section-content-h i-cf\"><div class=\"g-cols wpb_row via_flex valign_top type_default stacking_default\"><div class=\"vc_col-sm-4 wpb_column vc_column_container\"><div class=\"vc_column-inner\"><div class=\"wpb_wrapper\"><div class=\"wpb_text_column\"><div class=\"wpb_wrapper\"><p style=\"text-align: center;\"><strong>BUFFET FROID<\/strong><\/p>\n<p style=\"text-align: center;\">Salade Grecque<br \/>\nOeufs cuits durs<br \/>\nSalade de fusilli au poulet fa\u00e7on C\u00e9sar<br \/>\nCarottes rapp\u00e9es<br \/>\nTaboul\u00e9 \u00e0 l&rsquo;Oriental<br \/>\nHaricots verts \u00e0 l&rsquo;ancienne<br \/>\nSalade fraicheur au jambon et concombre<br \/>\nSalade mixte<br \/>\nP\u00eache au thon<br \/>\nTomate \u00e0 la salade de viande<br \/>\nSalami des Ardennes<br \/>\nFilet de poulet au boursin et ognions crunchy<br \/>\nCarpaccio de courgettes \u00e0 la vinaigrette au citron, parmesan sur lit de roquette<\/p>\n<\/div><\/div><\/div><\/div><\/div><div class=\"vc_col-sm-4 wpb_column vc_column_container\"><div class=\"vc_column-inner\"><div class=\"wpb_wrapper\"><div class=\"wpb_text_column\"><div class=\"wpb_wrapper\"><p style=\"text-align: center;\"><strong>BUFFET CHAUD<br \/>\n<\/strong><\/p>\n<p style=\"text-align: center;\">Chicons au gratin<br \/>\nBlanc de poulet sauce archiduc<br \/>\nTranche de jambon avec ananas et cerise<br \/>\nHamburger de poissons<\/p>\n<p style=\"text-align: center;\">Petits pois et carottes<br \/>\nMix de l\u00e9gumes au beurre<\/p>\n<p style=\"text-align: center;\">Rostis<br \/>\nRiz aux petits l\u00e9gumes<\/p>\n<p style=\"text-align: center;\"><strong>GRILL<\/strong><\/p>\n<p style=\"text-align: center;\">Boudin blanc<br \/>\nSaucisse chipolata<br \/>\nMerguez<br \/>\nPorc chimichurri<br \/>\nHot dog et son chou<br \/>\nPoulet au paprika doux<\/p>\n<\/div><\/div><\/div><\/div><\/div><div class=\"vc_col-sm-4 wpb_column vc_column_container\"><div class=\"vc_column-inner\"><div class=\"wpb_wrapper\"><div class=\"wpb_text_column\"><div class=\"wpb_wrapper\"><p style=\"text-align: center;\"><strong>BUFFET DE DESSERTS<\/strong><\/p>\n<p style=\"text-align: center;\">Plateau de fromages<br \/>\nGrand choix de yaourts<br \/>\nP\u00e2tisseries diverses<\/p>\n<p style=\"text-align: center;\">Desserts du chef<\/p>\n<p style=\"text-align: center;\">Assortiment de fruits frais<\/p>\n<\/div><\/div><\/div><\/div><\/div><\/div><\/div><\/div><\/div><\/div><\/div><\/div><\/div><\/div><\/div><\/div><\/section>\n","protected":false},"excerpt":{"rendered":"MENU DU WEEK-END A L&rsquo;ONLY 4 YOU Le menu comprend un buffet froid &#8211; viande &amp; poisson &#8211;\u00a0 &amp; un buffet chaud tr\u00e8s vari\u00e9, une grillade et un grand choix de desserts! VENDREDI 01\/05\/2026BUFFET FROID Salade Grecque Oeufs cuits durs Salade de fusilli au poulet fa\u00e7on C\u00e9sar Carottes rapp\u00e9es Taboul\u00e9 \u00e0 l&rsquo;Oriental Haricots verts \u00e0...","protected":false},"author":5,"featured_media":0,"parent":0,"menu_order":0,"comment_status":"closed","ping_status":"open","template":"","meta":{"footnotes":""},"class_list":["post-125","page","type-page","status-publish","hentry"],"yoast_head":"<!-- This site is optimized with the Yoast SEO plugin v27.5 - https:\/\/yoast.com\/product\/yoast-seo-wordpress\/ -->\n<title>Menu du week-end - Only 4 You<\/title>\n<meta name=\"description\" content=\"Le menu Only 4 you Club libertin du vendredi, samedi et dimanche comprend un buffet froid et chaud, un grill et des soupes ainsi qu\u2019un buffet de desserts !\" \/>\n<meta name=\"robots\" content=\"index, follow, max-snippet:-1, max-image-preview:large, max-video-preview:-1\" \/>\n<link rel=\"canonical\" href=\"https:\/\/only4you.be\/club-libertin\/menu-only-4-you\/\" \/>\n<meta property=\"og:locale\" content=\"fr_FR\" \/>\n<meta property=\"og:type\" content=\"article\" \/>\n<meta property=\"og:title\" content=\"Menu du week-end - Only 4 You\" \/>\n<meta property=\"og:description\" content=\"Le menu Only 4 you Club libertin du vendredi, samedi et dimanche comprend un buffet froid et chaud, un grill et des soupes ainsi qu\u2019un buffet de desserts !\" \/>\n<meta property=\"og:url\" content=\"https:\/\/only4you.be\/club-libertin\/menu-only-4-you\/\" \/>\n<meta property=\"og:site_name\" content=\"Only 4 You\" \/>\n<meta property=\"article:modified_time\" content=\"2026-04-29T16:24:31+00:00\" \/>\n<meta name=\"twitter:card\" content=\"summary_large_image\" \/>\n<meta name=\"twitter:label1\" content=\"Dur\u00e9e de lecture estim\u00e9e\" \/>\n\t<meta name=\"twitter:data1\" content=\"3 minutes\" \/>\n<script type=\"application\/ld+json\" class=\"yoast-schema-graph\">{\"@context\":\"https:\\\/\\\/schema.org\",\"@graph\":[{\"@type\":\"WebPage\",\"@id\":\"https:\\\/\\\/only4you.be\\\/club-libertin\\\/menu-only-4-you\\\/\",\"url\":\"https:\\\/\\\/only4you.be\\\/club-libertin\\\/menu-only-4-you\\\/\",\"name\":\"Menu du week-end - Only 4 You\",\"isPartOf\":{\"@id\":\"https:\\\/\\\/only4you.be\\\/club-libertin\\\/nl\\\/#website\"},\"datePublished\":\"2016-12-01T15:07:16+00:00\",\"dateModified\":\"2026-04-29T16:24:31+00:00\",\"description\":\"Le menu Only 4 you Club libertin du vendredi, samedi et dimanche comprend un buffet froid et chaud, un grill et des soupes ainsi qu\u2019un buffet de desserts !\",\"breadcrumb\":{\"@id\":\"https:\\\/\\\/only4you.be\\\/club-libertin\\\/menu-only-4-you\\\/#breadcrumb\"},\"inLanguage\":\"fr-FR\",\"potentialAction\":[{\"@type\":\"ReadAction\",\"target\":[\"https:\\\/\\\/only4you.be\\\/club-libertin\\\/menu-only-4-you\\\/\"]}]},{\"@type\":\"BreadcrumbList\",\"@id\":\"https:\\\/\\\/only4you.be\\\/club-libertin\\\/menu-only-4-you\\\/#breadcrumb\",\"itemListElement\":[{\"@type\":\"ListItem\",\"position\":1,\"name\":\"Accueil\",\"item\":\"https:\\\/\\\/only4you.be\\\/club-libertin\\\/\"},{\"@type\":\"ListItem\",\"position\":2,\"name\":\"Menu du week-end\"}]},{\"@type\":\"WebSite\",\"@id\":\"https:\\\/\\\/only4you.be\\\/club-libertin\\\/nl\\\/#website\",\"url\":\"https:\\\/\\\/only4you.be\\\/club-libertin\\\/nl\\\/\",\"name\":\"Only 4 You\",\"description\":\"Club Libertin\",\"potentialAction\":[{\"@type\":\"SearchAction\",\"target\":{\"@type\":\"EntryPoint\",\"urlTemplate\":\"https:\\\/\\\/only4you.be\\\/club-libertin\\\/nl\\\/?s={search_term_string}\"},\"query-input\":{\"@type\":\"PropertyValueSpecification\",\"valueRequired\":true,\"valueName\":\"search_term_string\"}}],\"inLanguage\":\"fr-FR\"}]}<\/script>\n<!-- \/ Yoast SEO plugin. -->","yoast_head_json":{"title":"Menu du week-end - Only 4 You","description":"Le menu Only 4 you Club libertin du vendredi, samedi et dimanche comprend un buffet froid et chaud, un grill et des soupes ainsi qu\u2019un buffet de desserts !","robots":{"index":"index","follow":"follow","max-snippet":"max-snippet:-1","max-image-preview":"max-image-preview:large","max-video-preview":"max-video-preview:-1"},"canonical":"https:\/\/only4you.be\/club-libertin\/menu-only-4-you\/","og_locale":"fr_FR","og_type":"article","og_title":"Menu du week-end - Only 4 You","og_description":"Le menu Only 4 you Club libertin du vendredi, samedi et dimanche comprend un buffet froid et chaud, un grill et des soupes ainsi qu\u2019un buffet de desserts !","og_url":"https:\/\/only4you.be\/club-libertin\/menu-only-4-you\/","og_site_name":"Only 4 You","article_modified_time":"2026-04-29T16:24:31+00:00","twitter_card":"summary_large_image","twitter_misc":{"Dur\u00e9e de lecture estim\u00e9e":"3 minutes"},"schema":{"@context":"https:\/\/schema.org","@graph":[{"@type":"WebPage","@id":"https:\/\/only4you.be\/club-libertin\/menu-only-4-you\/","url":"https:\/\/only4you.be\/club-libertin\/menu-only-4-you\/","name":"Menu du week-end - Only 4 You","isPartOf":{"@id":"https:\/\/only4you.be\/club-libertin\/nl\/#website"},"datePublished":"2016-12-01T15:07:16+00:00","dateModified":"2026-04-29T16:24:31+00:00","description":"Le menu Only 4 you Club libertin du vendredi, samedi et dimanche comprend un buffet froid et chaud, un grill et des soupes ainsi qu\u2019un buffet de desserts !","breadcrumb":{"@id":"https:\/\/only4you.be\/club-libertin\/menu-only-4-you\/#breadcrumb"},"inLanguage":"fr-FR","potentialAction":[{"@type":"ReadAction","target":["https:\/\/only4you.be\/club-libertin\/menu-only-4-you\/"]}]},{"@type":"BreadcrumbList","@id":"https:\/\/only4you.be\/club-libertin\/menu-only-4-you\/#breadcrumb","itemListElement":[{"@type":"ListItem","position":1,"name":"Accueil","item":"https:\/\/only4you.be\/club-libertin\/"},{"@type":"ListItem","position":2,"name":"Menu du week-end"}]},{"@type":"WebSite","@id":"https:\/\/only4you.be\/club-libertin\/nl\/#website","url":"https:\/\/only4you.be\/club-libertin\/nl\/","name":"Only 4 You","description":"Club Libertin","potentialAction":[{"@type":"SearchAction","target":{"@type":"EntryPoint","urlTemplate":"https:\/\/only4you.be\/club-libertin\/nl\/?s={search_term_string}"},"query-input":{"@type":"PropertyValueSpecification","valueRequired":true,"valueName":"search_term_string"}}],"inLanguage":"fr-FR"}]}},"_links":{"self":[{"href":"https:\/\/only4you.be\/club-libertin\/wp-json\/wp\/v2\/pages\/125","targetHints":{"allow":["GET"]}}],"collection":[{"href":"https:\/\/only4you.be\/club-libertin\/wp-json\/wp\/v2\/pages"}],"about":[{"href":"https:\/\/only4you.be\/club-libertin\/wp-json\/wp\/v2\/types\/page"}],"author":[{"embeddable":true,"href":"https:\/\/only4you.be\/club-libertin\/wp-json\/wp\/v2\/users\/5"}],"replies":[{"embeddable":true,"href":"https:\/\/only4you.be\/club-libertin\/wp-json\/wp\/v2\/comments?post=125"}],"version-history":[{"count":659,"href":"https:\/\/only4you.be\/club-libertin\/wp-json\/wp\/v2\/pages\/125\/revisions"}],"predecessor-version":[{"id":13567,"href":"https:\/\/only4you.be\/club-libertin\/wp-json\/wp\/v2\/pages\/125\/revisions\/13567"}],"wp:attachment":[{"href":"https:\/\/only4you.be\/club-libertin\/wp-json\/wp\/v2\/media?parent=125"}],"curies":[{"name":"wp","href":"https:\/\/api.w.org\/{rel}","templated":true}]}}